{"id":17671,"date":"2024-07-24T16:24:43","date_gmt":"2024-07-24T19:24:43","guid":{"rendered":"https:\/\/buppypet.com.br\/?post_type=product&#038;p=17671"},"modified":"2024-07-29T15:00:47","modified_gmt":"2024-07-29T18:00:47","slug":"brinquedo-cachorro-bola-inteligente-racao-interativa-com-som-7cm","status":"publish","type":"product","link":"https:\/\/buppypet.com.br\/index.php\/produto\/brinquedo-cachorro-bola-inteligente-racao-interativa-com-som-7cm\/","title":{"rendered":"Brinquedo Cachorro Bola Inteligente Ra\u00e7\u00e3o Interativa com Som 7cm"},"content":{"rendered":"<p><span style=\"font-weight: 400;\"><strong>Descri\u00e7\u00e3o do Produto:<\/strong> A Bola Inteligente \u00e9 um brinquedo interativo que combina divers\u00e3o e recompensa para o seu pet. Feito de material resistente e seguro para morder, possui um compartimento onde voc\u00ea pode inserir petiscos ou ra\u00e7\u00e3o seca, incentivando o animal a brincar e se alimentar ao mesmo tempo.\u00a0<\/span><\/p>\n<p><span style=\"font-weight: 400;\"><strong>Composi\u00e7\u00e3o:<\/strong> 100% de pl\u00e1stico.<\/span><\/p>\n<p><span style=\"font-weight: 400;\"><strong>Cores e Suas Varia\u00e7\u00f5es:<\/strong> 3 Cores.<\/span><\/p>\n<p><span style=\"font-weight: 400;\"><strong>Modo de Uso\/Cuidados:<\/strong> \u00c9 importante lembrar que nenhum brinquedo \u00e9 100% indestrut\u00edvel e a brincadeira precisa ser monitorada.<\/span><\/p>\n","protected":false},"excerpt":{"rendered":"<p>Descri\u00e7\u00e3o do Produto: A Bola Inteligente \u00e9 um brinquedo interativo que combina divers\u00e3o e recompensa para o seu pet. Feito<\/p>\n","protected":false},"featured_media":17879,"comment_status":"open","ping_status":"closed","template":"","meta":{"_joinchat":[]},"product_brand":[],"product_cat":[120,110,72],"product_tag":[],"class_list":{"0":"post-17671","1":"product","2":"type-product","3":"status-publish","4":"has-post-thumbnail","6":"product_cat-bolas","7":"product_cat-caes","8":"product_cat-geral","10":"first","11":"instock","12":"shipping-taxable","13":"product-type-simple"},"aioseo_notices":[],"_links":{"self":[{"href":"https:\/\/buppypet.com.br\/index.php\/wp-json\/wp\/v2\/product\/17671","targetHints":{"allow":["GET"]}}],"collection":[{"href":"https:\/\/buppypet.com.br\/index.php\/wp-json\/wp\/v2\/product"}],"about":[{"href":"https:\/\/buppypet.com.br\/index.php\/wp-json\/wp\/v2\/types\/product"}],"replies":[{"embeddable":true,"href":"https:\/\/buppypet.com.br\/index.php\/wp-json\/wp\/v2\/comments?post=17671"}],"version-history":[{"count":1,"href":"https:\/\/buppypet.com.br\/index.php\/wp-json\/wp\/v2\/product\/17671\/revisions"}],"predecessor-version":[{"id":17673,"href":"https:\/\/buppypet.com.br\/index.php\/wp-json\/wp\/v2\/product\/17671\/revisions\/17673"}],"wp:featuredmedia":[{"embeddable":true,"href":"https:\/\/buppypet.com.br\/index.php\/wp-json\/wp\/v2\/media\/17879"}],"wp:attachment":[{"href":"https:\/\/buppypet.com.br\/index.php\/wp-json\/wp\/v2\/media?parent=17671"}],"wp:term":[{"taxonomy":"product_brand","embeddable":true,"href":"https:\/\/buppypet.com.br\/index.php\/wp-json\/wp\/v2\/product_brand?post=17671"},{"taxonomy":"product_cat","embeddable":true,"href":"https:\/\/buppypet.com.br\/index.php\/wp-json\/wp\/v2\/product_cat?post=17671"},{"taxonomy":"product_tag","embeddable":true,"href":"https:\/\/buppypet.com.br\/index.php\/wp-json\/wp\/v2\/product_tag?post=17671"}],"curies":[{"name":"wp","href":"https:\/\/api.w.org\/{rel}","templated":true}]}}