{"id":16810,"date":"2024-07-03T15:28:19","date_gmt":"2024-07-03T18:28:19","guid":{"rendered":"https:\/\/buppypet.com.br\/?post_type=product&#038;p=16810"},"modified":"2024-07-24T12:41:30","modified_gmt":"2024-07-24T15:41:30","slug":"brinquedo-pelucia-para-cachorro-com-corda-36cm","status":"publish","type":"product","link":"https:\/\/buppypet.com.br\/index.php\/produto\/brinquedo-pelucia-para-cachorro-com-corda-36cm\/","title":{"rendered":"Brinquedo Pelucia para Cachorro com Corda 36cm"},"content":{"rendered":"<p><span style=\"font-weight: 400;\"><strong>Descri\u00e7\u00e3o do Produto:<\/strong> Esse brinquedo mistura dois materiais que os animais amam. A pel\u00facia e a corda! Feito de materiais seguros e dur\u00e1veis, o produto oferece est\u00edmulos variados para o pet, proporcionando intera\u00e7\u00e3o positiva entre o cuidador e seu animal.<\/span><\/p>\n<p><span style=\"font-weight: 400;\"><strong>Tamanho:<\/strong> 36 x 23 cm.<\/span><\/p>\n<p><span style=\"font-weight: 400;\"><strong>Composi\u00e7\u00e3o:\u00a0<\/strong> 50% de poli\u00e9ster, 20% de algod\u00e3o e 30% de <\/span><span style=\"font-weight: 400;\">polipropileno.<\/span><\/p>\n<p><span style=\"font-weight: 400;\"><strong>Cores e Suas Varia\u00e7\u00f5es:<\/strong> Azul, Cinza, Laranja e Verde.<\/span><\/p>\n<p><span style=\"font-weight: 400;\"><strong>Modo de Uso\/Cuidados:<\/strong> \u00c9 importante lembrar que nenhum brinquedo \u00e9 100% indestrut\u00edvel e a brincadeira precisa ser monitorada.<\/span><\/p>\n","protected":false},"excerpt":{"rendered":"<table width=\"947\">\n<tbody>\n<tr>\n<td width=\"175\">Descri\u00e7\u00e3o dos produtos<\/td>\n<td width=\"239\">Composi\u00e7\u00e3o<\/td>\n<td width=\"141\">Cores e suas varia\u00e7\u00f5es<\/td>\n<td width=\"304\">Modo de Uso\/ Cuidados\/ Textos para embalagem<\/td>\n<\/tr>\n<\/tbody>\n<\/table>\n<table width=\"947\">\n<tbody>\n<tr>\n<td width=\"175\"><span style=\"font-weight: 400;\">O Brinquedo de Pel\u00facia\u00a0 em formato de diferentes animais \u00e9 um produto macio e divertido para seu pet. Feito de material seguro e dur\u00e1vel, sua textura suave e agrad\u00e1vel proporciona conforto ao animal durante o descanso e tamb\u00e9m estimula brincadeiras interativas. Cont\u00e9m som interno.<\/span><\/td>\n<td width=\"239\"><span style=\"font-weight: 400;\">50% de poli\u00e9ster, 20% de algod\u00e3o e 30% de polipropileno.<\/span><\/td>\n<td width=\"141\"><span style=\"font-weight: 400;\">3 cores.<\/span><\/td>\n<td width=\"304\"><span style=\"font-weight: 400;\">\u00c9 importante lembrar que nenhum brinquedo \u00e9 100% indestrut\u00edvel e a brincadeira precisa ser monitorada.<\/span><\/td>\n<\/tr>\n<\/tbody>\n<\/table>\n","protected":false},"featured_media":16811,"comment_status":"open","ping_status":"closed","template":"","meta":{"_joinchat":[]},"product_brand":[],"product_cat":[110,118,72,119],"product_tag":[],"class_list":{"0":"post-16810","1":"product","2":"type-product","3":"status-publish","4":"has-post-thumbnail","6":"product_cat-caes","7":"product_cat-cordas","8":"product_cat-geral","9":"product_cat-pelucias","11":"first","12":"instock","13":"shipping-taxable","14":"product-type-simple"},"aioseo_notices":[],"_links":{"self":[{"href":"https:\/\/buppypet.com.br\/index.php\/wp-json\/wp\/v2\/product\/16810","targetHints":{"allow":["GET"]}}],"collection":[{"href":"https:\/\/buppypet.com.br\/index.php\/wp-json\/wp\/v2\/product"}],"about":[{"href":"https:\/\/buppypet.com.br\/index.php\/wp-json\/wp\/v2\/types\/product"}],"replies":[{"embeddable":true,"href":"https:\/\/buppypet.com.br\/index.php\/wp-json\/wp\/v2\/comments?post=16810"}],"version-history":[{"count":5,"href":"https:\/\/buppypet.com.br\/index.php\/wp-json\/wp\/v2\/product\/16810\/revisions"}],"predecessor-version":[{"id":17580,"href":"https:\/\/buppypet.com.br\/index.php\/wp-json\/wp\/v2\/product\/16810\/revisions\/17580"}],"wp:featuredmedia":[{"embeddable":true,"href":"https:\/\/buppypet.com.br\/index.php\/wp-json\/wp\/v2\/media\/16811"}],"wp:attachment":[{"href":"https:\/\/buppypet.com.br\/index.php\/wp-json\/wp\/v2\/media?parent=16810"}],"wp:term":[{"taxonomy":"product_brand","embeddable":true,"href":"https:\/\/buppypet.com.br\/index.php\/wp-json\/wp\/v2\/product_brand?post=16810"},{"taxonomy":"product_cat","embeddable":true,"href":"https:\/\/buppypet.com.br\/index.php\/wp-json\/wp\/v2\/product_cat?post=16810"},{"taxonomy":"product_tag","embeddable":true,"href":"https:\/\/buppypet.com.br\/index.php\/wp-json\/wp\/v2\/product_tag?post=16810"}],"curies":[{"name":"wp","href":"https:\/\/api.w.org\/{rel}","templated":true}]}}