{"id":15834,"date":"2024-06-14T11:41:22","date_gmt":"2024-06-14T14:41:22","guid":{"rendered":"https:\/\/buppypet.com.br\/?post_type=product&#038;p=15834"},"modified":"2024-07-24T15:13:47","modified_gmt":"2024-07-24T18:13:47","slug":"comedouro-inox-com-desenho-de-patas-16cm","status":"publish","type":"product","link":"https:\/\/buppypet.com.br\/index.php\/produto\/comedouro-inox-com-desenho-de-patas-16cm\/","title":{"rendered":"Comedouro Inox com Desenho de Patas 16cm"},"content":{"rendered":"<p><span style=\"font-weight: 400;\"><strong>Descri\u00e7\u00e3o do Produto:<\/strong> Os Comedouros de Inox s\u00e3o uma escolha pr\u00e1tica e higi\u00eanica para alimentar seu pet. Feitos de a\u00e7o inoxid\u00e1vel, esses comedouros s\u00e3o dur\u00e1veis, resistentes \u00e0 corros\u00e3o e f\u00e1ceis de limpar. A superf\u00edcie lisa do material impede o ac\u00famulo de bact\u00e9rias e facilita a manuten\u00e7\u00e3o da sa\u00fade bucal do seu animal.Dispon\u00edveis em diversos tamanhos para atender \u00e0s necessidades de c\u00e3es e gatos de todas as ra\u00e7as e portes, o revestimento de pl\u00e1stico do comedouro garante estabilidade durante a alimenta\u00e7\u00e3o do animal.<\/span><\/p>\n<p><span style=\"font-weight: 400;\"><strong>Composi\u00e7\u00e3o:<\/strong> 10% de pl\u00e1stico e 90% de a\u00e7o inoxid\u00e1vel.<\/span><\/p>\n<p><span style=\"font-weight: 400;\"><strong>Cores e Suas Varia\u00e7\u00f5es:<\/strong> 1 cor.<\/span><\/p>\n<p><span style=\"font-weight: 400;\"><strong>Modo de Uso\/Cuidados:<\/strong> <\/span><span style=\"font-weight: 400;\">Produto feito de um material resistente, por\u00e9m n\u00e3o \u00e9 indestrut\u00edvel.<\/span><\/p>\n","protected":false},"excerpt":{"rendered":"<table width=\"947\">\n<tbody>\n<tr>\n<td width=\"88\">Tamanho<\/td>\n<td width=\"175\">Descri\u00e7\u00e3o dos produtos<\/td>\n<td width=\"239\">Composi\u00e7\u00e3o<\/td>\n<td width=\"141\">Cores e suas varia\u00e7\u00f5es<\/td>\n<\/tr>\n<\/tbody>\n<\/table>\n<table style=\"height: 118px;\" width=\"946\">\n<tbody>\n<tr>\n<td width=\"88\">16CM<\/td>\n<td width=\"175\">Comedouro Inox com Desenho de Patas 16cm.<\/td>\n<td width=\"239\">10%PLASTIC 90%STAINLESS STEEL<\/td>\n<td width=\"141\">inox com borracha nas bordas.<\/td>\n<\/tr>\n<\/tbody>\n<\/table>\n","protected":false},"featured_media":15835,"comment_status":"open","ping_status":"closed","template":"","meta":{"_joinchat":[]},"product_brand":[],"product_cat":[112,72],"product_tag":[],"class_list":{"0":"post-15834","1":"product","2":"type-product","3":"status-publish","4":"has-post-thumbnail","6":"product_cat-comedouros","7":"product_cat-geral","9":"first","10":"instock","11":"shipping-taxable","12":"product-type-simple"},"aioseo_notices":[],"_links":{"self":[{"href":"https:\/\/buppypet.com.br\/index.php\/wp-json\/wp\/v2\/product\/15834","targetHints":{"allow":["GET"]}}],"collection":[{"href":"https:\/\/buppypet.com.br\/index.php\/wp-json\/wp\/v2\/product"}],"about":[{"href":"https:\/\/buppypet.com.br\/index.php\/wp-json\/wp\/v2\/types\/product"}],"replies":[{"embeddable":true,"href":"https:\/\/buppypet.com.br\/index.php\/wp-json\/wp\/v2\/comments?post=15834"}],"version-history":[{"count":3,"href":"https:\/\/buppypet.com.br\/index.php\/wp-json\/wp\/v2\/product\/15834\/revisions"}],"predecessor-version":[{"id":17624,"href":"https:\/\/buppypet.com.br\/index.php\/wp-json\/wp\/v2\/product\/15834\/revisions\/17624"}],"wp:featuredmedia":[{"embeddable":true,"href":"https:\/\/buppypet.com.br\/index.php\/wp-json\/wp\/v2\/media\/15835"}],"wp:attachment":[{"href":"https:\/\/buppypet.com.br\/index.php\/wp-json\/wp\/v2\/media?parent=15834"}],"wp:term":[{"taxonomy":"product_brand","embeddable":true,"href":"https:\/\/buppypet.com.br\/index.php\/wp-json\/wp\/v2\/product_brand?post=15834"},{"taxonomy":"product_cat","embeddable":true,"href":"https:\/\/buppypet.com.br\/index.php\/wp-json\/wp\/v2\/product_cat?post=15834"},{"taxonomy":"product_tag","embeddable":true,"href":"https:\/\/buppypet.com.br\/index.php\/wp-json\/wp\/v2\/product_tag?post=15834"}],"curies":[{"name":"wp","href":"https:\/\/api.w.org\/{rel}","templated":true}]}}