{"id":15794,"date":"2024-06-14T10:50:58","date_gmt":"2024-06-14T13:50:58","guid":{"rendered":"https:\/\/buppypet.com.br\/?post_type=product&#038;p=15794"},"modified":"2024-07-24T15:26:45","modified_gmt":"2024-07-24T18:26:45","slug":"arranhador-de-papelao-ondulado-para-gatos-com-catnip-42cm","status":"publish","type":"product","link":"https:\/\/buppypet.com.br\/index.php\/produto\/arranhador-de-papelao-ondulado-para-gatos-com-catnip-42cm\/","title":{"rendered":"Arranhador de Papel\u00e3o Ondulado para Gatos com Catnip 42cm"},"content":{"rendered":"<p><span style=\"font-weight: 400;\"><strong>Descri\u00e7\u00e3o do Produto:<\/strong> O Arranhador de Papel\u00e3o Ondulado \u00e9 um acess\u00f3rio pr\u00e1tico e funcional para o cuidado das garras do seu felino. Feito de papel\u00e3o resistente e recicl\u00e1vel, oferece uma superf\u00edcie ideal para o gato afiar suas unhas de forma segura e natural. Al\u00e9m de ajudar a manter as garras saud\u00e1veis, o arranhador proporciona um local adequado para o gato expressar seu comportamento instintivo de arranhar, ajudando a evitar danos em m\u00f3veis e carpetes da casa. Leve e f\u00e1cil de posicionar em diferentes ambientes, \u00e9 um item essencial para o bem-estar e a divers\u00e3o do seu amigo felino. Al\u00e9m disso, o produto tamb\u00e9m contempla uma embalagem de Catnip.<\/span><\/p>\n<p><span style=\"font-weight: 400;\"><strong>Composi\u00e7\u00e3o:<\/strong> 95% de papel e 5% de Catnip.<\/span><\/p>\n<p><span style=\"font-weight: 400;\"><strong>Cores e Suas Varia\u00e7\u00f5es:<\/strong> 1 cor; Estampas nas laterais do produto s\u00e3o sortidas.<\/span><\/p>\n<p><span style=\"font-weight: 400;\"><strong>Modo de Uso\/Cuidados:<\/strong> <\/span><span style=\"font-weight: 400;\">Produto feito de um material resistente, por\u00e9m n\u00e3o \u00e9 indestrut\u00edvel.<\/span><\/p>\n","protected":false},"excerpt":{"rendered":"<table width=\"947\">\n<tbody>\n<tr>\n<td width=\"88\">Tamanho<\/td>\n<td width=\"175\">Descri\u00e7\u00e3o dos produtos<\/td>\n<td width=\"239\">Composi\u00e7\u00e3o<\/td>\n<td width=\"141\">Cores e suas varia\u00e7\u00f5es<\/td>\n<\/tr>\n<\/tbody>\n<\/table>\n<table width=\"947\">\n<tbody>\n<tr>\n<td width=\"88\">42X21X3.5CM<\/td>\n<td width=\"175\">Arranhador de Papel\u00e3o Reto para Gatos com Catnip 42cm.<\/td>\n<td width=\"239\">95%paper\u00a0\u00a0\u00a0\u00a0 5% catnip<\/td>\n<td width=\"141\">somente uma cor:\u00a0 igual da foto.<\/td>\n<\/tr>\n<\/tbody>\n<\/table>\n","protected":false},"featured_media":16822,"comment_status":"open","ping_status":"closed","template":"","meta":{"_joinchat":[]},"product_brand":[],"product_cat":[109,72],"product_tag":[],"class_list":{"0":"post-15794","1":"product","2":"type-product","3":"status-publish","4":"has-post-thumbnail","6":"product_cat-gatos","7":"product_cat-geral","9":"first","10":"instock","11":"shipping-taxable","12":"product-type-simple"},"aioseo_notices":[],"_links":{"self":[{"href":"https:\/\/buppypet.com.br\/index.php\/wp-json\/wp\/v2\/product\/15794","targetHints":{"allow":["GET"]}}],"collection":[{"href":"https:\/\/buppypet.com.br\/index.php\/wp-json\/wp\/v2\/product"}],"about":[{"href":"https:\/\/buppypet.com.br\/index.php\/wp-json\/wp\/v2\/types\/product"}],"replies":[{"embeddable":true,"href":"https:\/\/buppypet.com.br\/index.php\/wp-json\/wp\/v2\/comments?post=15794"}],"version-history":[{"count":3,"href":"https:\/\/buppypet.com.br\/index.php\/wp-json\/wp\/v2\/product\/15794\/revisions"}],"predecessor-version":[{"id":17633,"href":"https:\/\/buppypet.com.br\/index.php\/wp-json\/wp\/v2\/product\/15794\/revisions\/17633"}],"wp:featuredmedia":[{"embeddable":true,"href":"https:\/\/buppypet.com.br\/index.php\/wp-json\/wp\/v2\/media\/16822"}],"wp:attachment":[{"href":"https:\/\/buppypet.com.br\/index.php\/wp-json\/wp\/v2\/media?parent=15794"}],"wp:term":[{"taxonomy":"product_brand","embeddable":true,"href":"https:\/\/buppypet.com.br\/index.php\/wp-json\/wp\/v2\/product_brand?post=15794"},{"taxonomy":"product_cat","embeddable":true,"href":"https:\/\/buppypet.com.br\/index.php\/wp-json\/wp\/v2\/product_cat?post=15794"},{"taxonomy":"product_tag","embeddable":true,"href":"https:\/\/buppypet.com.br\/index.php\/wp-json\/wp\/v2\/product_tag?post=15794"}],"curies":[{"name":"wp","href":"https:\/\/api.w.org\/{rel}","templated":true}]}}