{"id":15775,"date":"2024-06-13T23:48:31","date_gmt":"2024-06-14T02:48:31","guid":{"rendered":"https:\/\/buppypet.com.br\/?post_type=product&#038;p=15775"},"modified":"2024-07-24T12:21:38","modified_gmt":"2024-07-24T15:21:38","slug":"escova-massageadora-para-gatos-127cm","status":"publish","type":"product","link":"https:\/\/buppypet.com.br\/index.php\/produto\/escova-massageadora-para-gatos-127cm\/","title":{"rendered":"Escova Massageadora Para Gatos 12,7cm"},"content":{"rendered":"<p><span style=\"font-weight: 400;\"><strong>Descri\u00e7\u00e3o do Produto:<\/strong> A Escova Massageadora promove a auto escova\u00e7\u00e3o e automassagem em gatos, sendo extremamente apreciada por esses felinos.<\/span><\/p>\n<p><span style=\"font-weight: 400;\"><strong>Composi\u00e7\u00e3o:<\/strong> 95% de pl\u00e1stico e 5% de Catnip.<\/span><\/p>\n<p><span style=\"font-weight: 400;\"><strong>Cores e Suas Varia\u00e7\u00f5es:<\/strong> Cores sortidas.\u00a0<\/span><\/p>\n<p><span style=\"font-weight: 400;\"><strong>Modo de Uso\/Cuidados:<\/strong> Ela cont\u00e9m na embalagem fita adesiva e parafusos, na qual pode ser fixada atrav\u00e9s de algum desses dois materiais. O ideal \u00e9 firmar em superf\u00edcies planas, quinas de paredes ou m\u00f3veis. Al\u00e9m disso, conta com um compartimento para adicionar Catnip, que torna o produto muito mais atraente para os bichanos.<\/span><\/p>\n<p><strong>Modo de Uso\/Cuidados: <\/strong><span style=\"font-weight: 400;\">Produto feito de um material resistente, por\u00e9m n\u00e3o \u00e9 indestrut\u00edvel.<\/span><\/p>\n","protected":false},"excerpt":{"rendered":"<table width=\"947\">\n<tbody>\n<tr>\n<td width=\"88\">Tamanho<\/td>\n<td width=\"175\">Descri\u00e7\u00e3o dos produtos<\/td>\n<td width=\"239\">Composi\u00e7\u00e3o<\/td>\n<td width=\"141\">Cores e suas varia\u00e7\u00f5es<\/td>\n<td width=\"304\">Modo de Uso\/ Cuidados\/ Textos para embalagem<\/td>\n<\/tr>\n<\/tbody>\n<\/table>\n<table width=\"947\">\n<tbody>\n<tr>\n<td width=\"88\">12.7&#215;5.5cm<\/td>\n<td width=\"175\">Escova Massageadora Para Gatos 12,7cm.<\/td>\n<td width=\"239\">95%paper\u00a0\u00a0\u00a0\u00a0 5% catnip<\/td>\n<td width=\"141\">brush\uff0cmixed color.<\/td>\n<td width=\"304\">F\u00e1cil de montar; vem com adesivos e catnip. Massageadora e tira pelos.<\/td>\n<\/tr>\n<\/tbody>\n<\/table>\n","protected":false},"featured_media":15776,"comment_status":"open","ping_status":"closed","template":"","meta":{"_joinchat":[]},"product_brand":[],"product_cat":[113,109,72,111],"product_tag":[],"class_list":{"0":"post-15775","1":"product","2":"type-product","3":"status-publish","4":"has-post-thumbnail","6":"product_cat-cuidados","7":"product_cat-gatos","8":"product_cat-geral","9":"product_cat-higiene-e-limpeza","11":"first","12":"instock","13":"shipping-taxable","14":"product-type-simple"},"aioseo_notices":[],"_links":{"self":[{"href":"https:\/\/buppypet.com.br\/index.php\/wp-json\/wp\/v2\/product\/15775","targetHints":{"allow":["GET"]}}],"collection":[{"href":"https:\/\/buppypet.com.br\/index.php\/wp-json\/wp\/v2\/product"}],"about":[{"href":"https:\/\/buppypet.com.br\/index.php\/wp-json\/wp\/v2\/types\/product"}],"replies":[{"embeddable":true,"href":"https:\/\/buppypet.com.br\/index.php\/wp-json\/wp\/v2\/comments?post=15775"}],"version-history":[{"count":3,"href":"https:\/\/buppypet.com.br\/index.php\/wp-json\/wp\/v2\/product\/15775\/revisions"}],"predecessor-version":[{"id":17549,"href":"https:\/\/buppypet.com.br\/index.php\/wp-json\/wp\/v2\/product\/15775\/revisions\/17549"}],"wp:featuredmedia":[{"embeddable":true,"href":"https:\/\/buppypet.com.br\/index.php\/wp-json\/wp\/v2\/media\/15776"}],"wp:attachment":[{"href":"https:\/\/buppypet.com.br\/index.php\/wp-json\/wp\/v2\/media?parent=15775"}],"wp:term":[{"taxonomy":"product_brand","embeddable":true,"href":"https:\/\/buppypet.com.br\/index.php\/wp-json\/wp\/v2\/product_brand?post=15775"},{"taxonomy":"product_cat","embeddable":true,"href":"https:\/\/buppypet.com.br\/index.php\/wp-json\/wp\/v2\/product_cat?post=15775"},{"taxonomy":"product_tag","embeddable":true,"href":"https:\/\/buppypet.com.br\/index.php\/wp-json\/wp\/v2\/product_tag?post=15775"}],"curies":[{"name":"wp","href":"https:\/\/api.w.org\/{rel}","templated":true}]}}